{"id":63,"date":"2025-02-23T12:41:40","date_gmt":"2025-02-23T11:41:40","guid":{"rendered":"https:\/\/ogrodnik.e-glubczyce.pl\/?page_id=63"},"modified":"2025-02-28T13:55:15","modified_gmt":"2025-02-28T12:55:15","slug":"o-nas","status":"publish","type":"page","link":"https:\/\/ogrodnik.e-glubczyce.pl\/?page_id=63","title":{"rendered":"O nas"},"content":{"rendered":"\n<p>Sklep Ogrodnik Aleksander Klimek to rodzinna firma prowadzona przez Gra\u017cyn\u0119 i Aleksandra Klimek oraz ich syna Micha\u0142a. Dzia\u0142amy na rynku lokalnym od 1989 roku, kiedy to po przej\u0119ciu sklepu od agencji ogrodniczo-pszczelarskiej rozpocz\u0119li\u015bmy sprzeda\u017c artyku\u0142\u00f3w ogrodniczych w lokalu pod numerem 21 w G\u0142ubczycach. Przez lata rozwijali\u015bmy ofert\u0119, dostosowuj\u0105c j\u0105 do rosn\u0105cych potrzeb naszych klient\u00f3w.<\/p>\n\n\n\n<p><br>W 2000 roku otworzyli\u015bmy nowy sklep w s\u0105siednim lokalu pod numerem 23, gdzie rozpocz\u0119li\u015bmy sprzeda\u017c maszyn ogrodniczych i elektronarz\u0119dzi. Dynamiczny rozw\u00f3j firmy sprawi\u0142, \u017ce w 2005 roku uruchomili\u015bmy w oddzielnym budynku serwis maszyn spalinowych oraz wi\u0119kszy magazyn urz\u0105dze\u0144 dost\u0119pnych od r\u0119ki, co pozwoli\u0142o nam na jeszcze lepsz\u0105 obs\u0142ug\u0119 klient\u00f3w.<\/p>\n\n\n\n<p><br>W 2017 roku poszerzyli\u015bmy nasz\u0105 dzia\u0142alno\u015b\u0107 o salon traktor\u00f3w ogrodowych, kt\u00f3ry mie\u015bci si\u0119 w lokalu pod numerem 19. Obecnie, w trzech lokalach, oferujemy szeroki asortyment artyku\u0142\u00f3w ogrodniczych, sprz\u0119tu ogrodniczego, elektronarz\u0119dzi, traktor\u00f3w i robot\u00f3w ogrodowych. Dzia\u0142 robot\u00f3w kosz\u0105cych rozwin\u0119li\u015bmy w 2022 roku oferuj\u0105c urz\u0105dzenia kilku wiod\u0105cych producent\u00f3w oraz zapewniaj\u0105c profesjonalny monta\u017c robot\u00f3w maszyn\u0105 do uk\u0142adania przewod\u00f3w pod ziemi\u0105.  Prowadzimy tak\u017ce serwis urz\u0105dze\u0144 spalinowych oraz punkt przyj\u0119\u0107 elektronarz\u0119dzi do naprawy.<\/p>\n\n\n\n<p><br>Jeste\u015bmy jednym z najlepiej wyposa\u017conych sklep\u00f3w w powiecie oraz s\u0105siednich gminach. Dzi\u0119ki wieloletniemu do\u015bwiadczeniu i profesjonalnej obs\u0142udze zapewniamy naszym klientom nie tylko szeroki wyb\u00f3r produkt\u00f3w, ale tak\u017ce fachowe doradztwo i serwis na najwy\u017cszym poziomie. <\/p>\n\n\n\n<p class=\"has-text-align-right\"><strong>Zapraszamy do zapoznania si\u0119 z nasz\u0105 ofert\u0105!<\/strong><\/p>\n","protected":false},"excerpt":{"rendered":"<p>Sklep Ogrodnik Aleksander Klimek to rodzinna firma prowadzona przez Gra\u017cyn\u0119 i Aleksandra Klimek oraz ich syna Micha\u0142a. Dzia\u0142amy na rynku lokalnym od 1989 roku, kiedy to po przej\u0119ciu sklepu od agencji ogrodniczo-pszczelarskiej rozpocz\u0119li\u015bmy sprzeda\u017c artyku\u0142\u00f3w ogrodniczych w lokalu pod numerem 21 w G\u0142ubczycach. Przez lata rozwijali\u015bmy ofert\u0119, dostosowuj\u0105c j\u0105 do rosn\u0105cych potrzeb naszych klient\u00f3w. W&hellip;&nbsp;<a href=\"https:\/\/ogrodnik.e-glubczyce.pl\/?page_id=63\" rel=\"bookmark\">Dowiedz si\u0119 wi\u0119cej &raquo;<span class=\"screen-reader-text\">O nas<\/span><\/a><\/p>\n","protected":false},"author":1,"featured_media":0,"parent":0,"menu_order":0,"comment_status":"closed","ping_status":"closed","template":"","meta":{"om_disable_all_campaigns":false,"_uag_custom_page_level_css":"","_monsterinsights_skip_tracking":false,"_monsterinsights_sitenote_active":false,"_monsterinsights_sitenote_note":"","_monsterinsights_sitenote_category":0,"neve_meta_sidebar":"","neve_meta_container":"","neve_meta_enable_content_width":"","neve_meta_content_width":0,"neve_meta_title_alignment":"","neve_meta_author_avatar":"","neve_post_elements_order":"","neve_meta_disable_header":"","neve_meta_disable_footer":"","neve_meta_disable_title":"","footnotes":""},"class_list":["post-63","page","type-page","status-publish","hentry"],"aioseo_notices":[],"uagb_featured_image_src":{"full":false,"thumbnail":false,"medium":false,"medium_large":false,"large":false,"1536x1536":false,"2048x2048":false,"neve-blog":false},"uagb_author_info":{"display_name":"admin","author_link":"https:\/\/ogrodnik.e-glubczyce.pl\/?author=1"},"uagb_comment_info":0,"uagb_excerpt":"Sklep Ogrodnik Aleksander Klimek to rodzinna firma prowadzona przez Gra\u017cyn\u0119 i Aleksandra Klimek oraz ich syna Micha\u0142a. Dzia\u0142amy na rynku lokalnym od 1989 roku, kiedy to po przej\u0119ciu sklepu od agencji ogrodniczo-pszczelarskiej rozpocz\u0119li\u015bmy sprzeda\u017c artyku\u0142\u00f3w ogrodniczych w lokalu pod numerem 21 w G\u0142ubczycach. Przez lata rozwijali\u015bmy ofert\u0119, dostosowuj\u0105c j\u0105 do rosn\u0105cych potrzeb naszych klient\u00f3w. W&hellip;&nbsp;Dowiedz&hellip;","_links":{"self":[{"href":"https:\/\/ogrodnik.e-glubczyce.pl\/index.php?rest_route=\/wp\/v2\/pages\/63","targetHints":{"allow":["GET"]}}],"collection":[{"href":"https:\/\/ogrodnik.e-glubczyce.pl\/index.php?rest_route=\/wp\/v2\/pages"}],"about":[{"href":"https:\/\/ogrodnik.e-glubczyce.pl\/index.php?rest_route=\/wp\/v2\/types\/page"}],"author":[{"embeddable":true,"href":"https:\/\/ogrodnik.e-glubczyce.pl\/index.php?rest_route=\/wp\/v2\/users\/1"}],"replies":[{"embeddable":true,"href":"https:\/\/ogrodnik.e-glubczyce.pl\/index.php?rest_route=%2Fwp%2Fv2%2Fcomments&post=63"}],"version-history":[{"count":3,"href":"https:\/\/ogrodnik.e-glubczyce.pl\/index.php?rest_route=\/wp\/v2\/pages\/63\/revisions"}],"predecessor-version":[{"id":243,"href":"https:\/\/ogrodnik.e-glubczyce.pl\/index.php?rest_route=\/wp\/v2\/pages\/63\/revisions\/243"}],"wp:attachment":[{"href":"https:\/\/ogrodnik.e-glubczyce.pl\/index.php?rest_route=%2Fwp%2Fv2%2Fmedia&parent=63"}],"curies":[{"name":"wp","href":"https:\/\/api.w.org\/{rel}","templated":true}]}}